{"id":140,"date":"2026-03-18T19:33:41","date_gmt":"2026-03-18T16:33:41","guid":{"rendered":"https:\/\/kuturaglobal.com\/?page_id=140"},"modified":"2026-03-31T11:37:10","modified_gmt":"2026-03-31T08:37:10","slug":"urunler","status":"publish","type":"page","link":"https:\/\/kuturaglobal.com\/?page_id=140","title":{"rendered":"\u00dcr\u00fcnler"},"content":{"rendered":"\t\t<div data-elementor-type=\"wp-page\" data-elementor-id=\"140\" class=\"elementor elementor-140\">\n\t\t\t\t<div class=\"elementor-element elementor-element-a7e8ea4 e-flex e-con-boxed e-con e-parent\" data-id=\"a7e8ea4\" data-element_type=\"container\" data-e-type=\"container\">\n\t\t\t\t\t<div class=\"e-con-inner\">\n\t\t<div class=\"elementor-element elementor-element-a83dd88 e-con-full e-flex e-con e-child\" data-id=\"a83dd88\" data-element_type=\"container\" data-e-type=\"container\">\n\t\t\t\t<div class=\"elementor-element elementor-element-3162a09 animated-slow elementor-invisible elementor-widget elementor-widget-text-editor\" data-id=\"3162a09\" data-element_type=\"widget\" data-e-type=\"widget\" data-settings=\"{&quot;_animation&quot;:&quot;fadeIn&quot;}\" data-widget_type=\"text-editor.default\">\n\t\t\t\t\t\t\t\t\t<style>\n  \/* Yaz\u0131n\u0131n i\u00e7inde y\u00fczece\u011fi ana kap (S\u0131n\u0131rlar\u0131 belirler) *\/\n  .sticky-container {\n    height: 1500px; \/* Bu rakam\u0131 art\u0131r\u0131rsan yaz\u0131 daha uzun s\u00fcre ekranda kal\u0131r *\/\n    position: relative;\n    background-color: transparent;\n  }\n\n  \/* Yaz\u0131n\u0131n kendisi *\/\n  .sticky-brand-header {\n    position: -webkit-sticky; \/* Safari deste\u011fi *\/\n    position: sticky;\n    top: 120px; \/* Men\u00fcn\u00fcn alt\u0131nda kalmas\u0131 i\u00e7in mesafe *\/\n    text-align: center;\n    font-family: 'Montserrat', sans-serif;\n    font-size: 16px;\n    letter-spacing: 6px;\n    color: #2c3e50;\n    text-transform: uppercase;\n    z-index: 99;\n    padding: 20px 0;\n  }\n\n  \/* Sayfay\u0131 dolduran bo\u015fluk *\/\n  .spacer-40vh {\n    height: 50vh;\n  }\n<\/style>\n\n<div class=\"sticky-container\">\n  <div class=\"sticky-brand-header\">\n    ICELANDIC GLACIAL &nbsp; \u2193\n  <\/div>\n  \n  <div class=\"spacer-40vh\"><\/div>\n  \n  <\/div>\t\t\t\t\t\t\t\t<\/div>\n\t\t\t\t<\/div>\n\t\t<div class=\"elementor-element elementor-element-5bb0815 e-con-full e-flex e-con e-child\" data-id=\"5bb0815\" data-element_type=\"container\" data-e-type=\"container\">\n\t\t<div class=\"elementor-element elementor-element-5597c56 e-grid e-con-full e-con e-child\" data-id=\"5597c56\" data-element_type=\"container\" data-e-type=\"container\">\n\t\t\t\t<div class=\"elementor-element elementor-element-0fe45f3 elementor-widget elementor-widget-text-editor\" data-id=\"0fe45f3\" data-element_type=\"widget\" data-e-type=\"widget\" data-widget_type=\"text-editor.default\">\n\t\t\t\t\t\t\t\t\t<p><strong>Karbon N\u00f6tr<\/strong><\/p>\t\t\t\t\t\t\t\t<\/div>\n\t\t\t\t<div class=\"elementor-element elementor-element-6961c4c elementor-widget elementor-widget-text-editor\" data-id=\"6961c4c\" data-element_type=\"widget\" data-e-type=\"widget\" data-widget_type=\"text-editor.default\">\n\t\t\t\t\t\t\t\t\t<p><strong>pH 8.6<\/strong><\/p>\t\t\t\t\t\t\t\t<\/div>\n\t\t\t\t<div class=\"elementor-element elementor-element-5d5a41e elementor-widget elementor-widget-text-editor\" data-id=\"5d5a41e\" data-element_type=\"widget\" data-e-type=\"widget\" data-widget_type=\"text-editor.default\">\n\t\t\t\t\t\t\t\t\t<p><strong>SAF KAYNAK<\/strong><\/p>\t\t\t\t\t\t\t\t<\/div>\n\t\t\t\t<div class=\"elementor-element elementor-element-7b2729b elementor-widget elementor-widget-text-editor\" data-id=\"7b2729b\" data-element_type=\"widget\" data-e-type=\"widget\" data-widget_type=\"text-editor.default\">\n\t\t\t\t\t\t\t\t\t<p><strong>Do\u011faya Sayg\u0131l\u0131<\/strong><\/p><p>D\u00fcnyan\u0131n ilk sertifikal\u0131 karbon n\u00f6tr su markas\u0131yla tan\u0131\u015f\u0131n.<\/p>\t\t\t\t\t\t\t\t<\/div>\n\t\t\t\t<div class=\"elementor-element elementor-element-6d54e62 elementor-widget elementor-widget-text-editor\" data-id=\"6d54e62\" data-element_type=\"widget\" data-e-type=\"widget\" data-widget_type=\"text-editor.default\">\n\t\t\t\t\t\t\t\t\t<p><strong>Do\u011fal Alkali Denge<\/strong><\/p><p>V\u00fccudunuzun pH dengesini koruyan, kayna\u011f\u0131ndan do\u011fal alkali su.<\/p>\t\t\t\t\t\t\t\t<\/div>\n\t\t\t\t<div class=\"elementor-element elementor-element-ac9dcc8 elementor-widget elementor-widget-text-editor\" data-id=\"ac9dcc8\" data-element_type=\"widget\" data-e-type=\"widget\" data-widget_type=\"text-editor.default\">\n\t\t\t\t\t\t\t\t\t<p><strong>\u00d6lfus Filtresi<br \/><\/strong>5000 y\u0131ll\u0131k volkanik kaya\u00e7lardan s\u00fcz\u00fclen el de\u011fmemi\u015f safl\u0131k.<\/p>\t\t\t\t\t\t\t\t<\/div>\n\t\t\t\t<\/div>\n\t\t\t\t<\/div>\n\t\t<div class=\"elementor-element elementor-element-8c83e4b e-con-full e-flex e-con e-child\" data-id=\"8c83e4b\" data-element_type=\"container\" data-e-type=\"container\">\n\t\t\t\t<div class=\"elementor-element elementor-element-ab2842a elementor-widget elementor-widget-text-editor\" data-id=\"ab2842a\" data-element_type=\"widget\" data-e-type=\"widget\" data-widget_type=\"text-editor.default\">\n\t\t\t\t\t\t\t\t\t<p><strong>&#8220;Her damlas\u0131 \u0130zlanda&#8217;n\u0131n 5000 y\u0131ll\u0131k buzullar\u0131ndan s\u00fcz\u00fcld\u00fc.&#8221;<\/strong><\/p>\t\t\t\t\t\t\t\t<\/div>\n\t\t\t\t<\/div>\n\t\t<div class=\"elementor-element elementor-element-e272616 e-grid e-con-boxed e-con e-child\" data-id=\"e272616\" data-element_type=\"container\" data-e-type=\"container\">\n\t\t\t\t\t<div class=\"e-con-inner\">\n\t\t\t\t<div class=\"elementor-element elementor-element-9d0d089 animated-slow elementor-invisible elementor-widget elementor-widget-image\" data-id=\"9d0d089\" data-element_type=\"widget\" data-e-type=\"widget\" data-settings=\"{&quot;_animation&quot;:&quot;fadeIn&quot;}\" data-widget_type=\"image.default\">\n\t\t\t\t\t\t\t\t\t\t\t\t\t\t\t\t<a href=\"https:\/\/kuturaglobal.com\/?product=icelandic-glacial-dogal-alkali-su-300ml-cam-sise\">\n\t\t\t\t\t\t\t<img fetchpriority=\"high\" width=\"800\" height=\"800\" src=\"https:\/\/kuturaglobal.com\/wp-content\/uploads\/2026\/03\/330_single.webp\" class=\"attachment-large size-large wp-image-528\" alt=\"Icelandic Glacial Do\u011fal Alkali Su\" srcset=\"https:\/\/kuturaglobal.com\/wp-content\/uploads\/2026\/03\/330_single.webp 823w, https:\/\/kuturaglobal.com\/wp-content\/uploads\/2026\/03\/330_single-300x300.webp 300w, https:\/\/kuturaglobal.com\/wp-content\/uploads\/2026\/03\/330_single-100x100.webp 100w, https:\/\/kuturaglobal.com\/wp-content\/uploads\/2026\/03\/330_single-600x600.webp 600w, https:\/\/kuturaglobal.com\/wp-content\/uploads\/2026\/03\/330_single-150x150.webp 150w, https:\/\/kuturaglobal.com\/wp-content\/uploads\/2026\/03\/330_single-768x768.webp 768w\" sizes=\"(max-width: 800px) 100vw, 800px\" \/>\t\t\t\t\t\t\t\t<\/a>\n\t\t\t\t\t\t\t\t\t\t\t\t\t\t\t<\/div>\n\t\t\t\t<div class=\"elementor-element elementor-element-ce5485b animated-slow elementor-invisible elementor-widget elementor-widget-image\" data-id=\"ce5485b\" data-element_type=\"widget\" data-e-type=\"widget\" data-settings=\"{&quot;_animation&quot;:&quot;fadeIn&quot;,&quot;_animation_delay&quot;:500}\" data-widget_type=\"image.default\">\n\t\t\t\t\t\t\t\t\t\t\t\t\t\t\t\t<a href=\"https:\/\/kuturaglobal.com\/?post_type=product&#038;p=631&#038;preview=true\">\n\t\t\t\t\t\t\t<img width=\"800\" height=\"800\" src=\"https:\/\/kuturaglobal.com\/wp-content\/uploads\/2026\/03\/500_single.webp\" class=\"attachment-large size-large wp-image-529\" alt=\"Icelandic Glacial Do\u011fal Alkali Su\" srcset=\"https:\/\/kuturaglobal.com\/wp-content\/uploads\/2026\/03\/500_single.webp 823w, https:\/\/kuturaglobal.com\/wp-content\/uploads\/2026\/03\/500_single-300x300.webp 300w, https:\/\/kuturaglobal.com\/wp-content\/uploads\/2026\/03\/500_single-100x100.webp 100w, https:\/\/kuturaglobal.com\/wp-content\/uploads\/2026\/03\/500_single-600x600.webp 600w, https:\/\/kuturaglobal.com\/wp-content\/uploads\/2026\/03\/500_single-150x150.webp 150w, https:\/\/kuturaglobal.com\/wp-content\/uploads\/2026\/03\/500_single-768x768.webp 768w\" sizes=\"(max-width: 800px) 100vw, 800px\" \/>\t\t\t\t\t\t\t\t<\/a>\n\t\t\t\t\t\t\t\t\t\t\t\t\t\t\t<\/div>\n\t\t\t\t<div class=\"elementor-element elementor-element-15eaf15 animated-slow elementor-invisible elementor-widget elementor-widget-image\" data-id=\"15eaf15\" data-element_type=\"widget\" data-e-type=\"widget\" data-settings=\"{&quot;_animation&quot;:&quot;fadeIn&quot;,&quot;_animation_delay&quot;:1000}\" data-widget_type=\"image.default\">\n\t\t\t\t\t\t\t\t\t\t\t\t\t\t\t\t<a href=\"https:\/\/kuturaglobal.com\/?post_type=product&#038;p=632&#038;preview=true\">\n\t\t\t\t\t\t\t<img width=\"800\" height=\"800\" src=\"https:\/\/kuturaglobal.com\/wp-content\/uploads\/2026\/03\/750_single.webp\" class=\"attachment-large size-large wp-image-530\" alt=\"Icelandic Glacial Do\u011fal Alkali Su\" srcset=\"https:\/\/kuturaglobal.com\/wp-content\/uploads\/2026\/03\/750_single.webp 823w, https:\/\/kuturaglobal.com\/wp-content\/uploads\/2026\/03\/750_single-300x300.webp 300w, https:\/\/kuturaglobal.com\/wp-content\/uploads\/2026\/03\/750_single-100x100.webp 100w, https:\/\/kuturaglobal.com\/wp-content\/uploads\/2026\/03\/750_single-600x600.webp 600w, https:\/\/kuturaglobal.com\/wp-content\/uploads\/2026\/03\/750_single-150x150.webp 150w, https:\/\/kuturaglobal.com\/wp-content\/uploads\/2026\/03\/750_single-768x768.webp 768w\" sizes=\"(max-width: 800px) 100vw, 800px\" \/>\t\t\t\t\t\t\t\t<\/a>\n\t\t\t\t\t\t\t\t\t\t\t\t\t\t\t<\/div>\n\t\t\t\t<div class=\"elementor-element elementor-element-a21e168 animated-slow elementor-invisible elementor-widget elementor-widget-image\" data-id=\"a21e168\" data-element_type=\"widget\" data-e-type=\"widget\" data-settings=\"{&quot;_animation&quot;:&quot;fadeIn&quot;,&quot;_animation_delay&quot;:1500}\" data-widget_type=\"image.default\">\n\t\t\t\t\t\t\t\t\t\t\t\t\t\t\t\t<a href=\"https:\/\/kuturaglobal.com\/?post_type=product&#038;p=633&#038;preview=true\">\n\t\t\t\t\t\t\t<img loading=\"lazy\" width=\"800\" height=\"800\" src=\"https:\/\/kuturaglobal.com\/wp-content\/uploads\/2026\/03\/1.L_single.webp\" class=\"attachment-large size-large wp-image-531\" alt=\"Do\u011fal Alkali Su\" srcset=\"https:\/\/kuturaglobal.com\/wp-content\/uploads\/2026\/03\/1.L_single.webp 823w, https:\/\/kuturaglobal.com\/wp-content\/uploads\/2026\/03\/1.L_single-300x300.webp 300w, https:\/\/kuturaglobal.com\/wp-content\/uploads\/2026\/03\/1.L_single-100x100.webp 100w, https:\/\/kuturaglobal.com\/wp-content\/uploads\/2026\/03\/1.L_single-600x600.webp 600w, https:\/\/kuturaglobal.com\/wp-content\/uploads\/2026\/03\/1.L_single-150x150.webp 150w, https:\/\/kuturaglobal.com\/wp-content\/uploads\/2026\/03\/1.L_single-768x768.webp 768w\" sizes=\"(max-width: 800px) 100vw, 800px\" \/>\t\t\t\t\t\t\t\t<\/a>\n\t\t\t\t\t\t\t\t\t\t\t\t\t\t\t<\/div>\n\t\t\t\t<div class=\"elementor-element elementor-element-e30aac0 animated-slow elementor-invisible elementor-widget elementor-widget-image\" data-id=\"e30aac0\" data-element_type=\"widget\" data-e-type=\"widget\" data-settings=\"{&quot;_animation&quot;:&quot;fadeIn&quot;,&quot;_animation_delay&quot;:2000}\" data-widget_type=\"image.default\">\n\t\t\t\t\t\t\t\t\t\t\t\t\t\t\t\t<a href=\"https:\/\/kuturaglobal.com\/?post_type=product&#038;p=634&#038;preview=true\">\n\t\t\t\t\t\t\t<img loading=\"lazy\" width=\"800\" height=\"800\" src=\"https:\/\/kuturaglobal.com\/wp-content\/uploads\/2026\/03\/1.5L_single.webp\" class=\"attachment-large size-large wp-image-532\" alt=\"Icelandic Glacial Do\u011fal Alkali Su\" srcset=\"https:\/\/kuturaglobal.com\/wp-content\/uploads\/2026\/03\/1.5L_single.webp 823w, https:\/\/kuturaglobal.com\/wp-content\/uploads\/2026\/03\/1.5L_single-300x300.webp 300w, https:\/\/kuturaglobal.com\/wp-content\/uploads\/2026\/03\/1.5L_single-100x100.webp 100w, https:\/\/kuturaglobal.com\/wp-content\/uploads\/2026\/03\/1.5L_single-600x600.webp 600w, https:\/\/kuturaglobal.com\/wp-content\/uploads\/2026\/03\/1.5L_single-150x150.webp 150w, https:\/\/kuturaglobal.com\/wp-content\/uploads\/2026\/03\/1.5L_single-768x768.webp 768w\" sizes=\"(max-width: 800px) 100vw, 800px\" \/>\t\t\t\t\t\t\t\t<\/a>\n\t\t\t\t\t\t\t\t\t\t\t\t\t\t\t<\/div>\n\t\t\t\t<div class=\"elementor-element elementor-element-5a93272 elementor-widget elementor-widget-text-editor\" data-id=\"5a93272\" data-element_type=\"widget\" data-e-type=\"widget\" data-widget_type=\"text-editor.default\">\n\t\t\t\t\t\t\t\t\t<p>Seyahatler ve g\u00fcnl\u00fck \u00e7antalar i\u00e7in ideal.<\/p>\t\t\t\t\t\t\t\t<\/div>\n\t\t\t\t<div class=\"elementor-element elementor-element-2becb30 elementor-widget elementor-widget-text-editor\" data-id=\"2becb30\" data-element_type=\"widget\" data-e-type=\"widget\" data-widget_type=\"text-editor.default\">\n\t\t\t\t\t\t\t\t\t<p>\u00a0<span data-path-to-node=\"11,2,2,0\">Ofis ve spor aktivitelerinde yan\u0131n\u0131zda.<\/span><\/p>\t\t\t\t\t\t\t\t<\/div>\n\t\t\t\t<div class=\"elementor-element elementor-element-429c5c1 elementor-widget elementor-widget-text-editor\" data-id=\"429c5c1\" data-element_type=\"widget\" data-e-type=\"widget\" data-widget_type=\"text-editor.default\">\n\t\t\t\t\t\t\t\t\t<p>\u00a0<span data-path-to-node=\"11,3,2,0\">\u015e\u0131k restoran ve davet sofralar\u0131 i\u00e7in \u00f6zel.<\/span><\/p>\t\t\t\t\t\t\t\t<\/div>\n\t\t\t\t<div class=\"elementor-element elementor-element-c32fb32 elementor-widget elementor-widget-text-editor\" data-id=\"c32fb32\" data-element_type=\"widget\" data-e-type=\"widget\" data-widget_type=\"text-editor.default\">\n\t\t\t\t\t\t\t\t\t<p>Uzun toplant\u0131lar ve masa ba\u015f\u0131 \u00e7al\u0131\u015fma i\u00e7in ideal hacim.<\/p>\t\t\t\t\t\t\t\t<\/div>\n\t\t\t\t<div class=\"elementor-element elementor-element-761f779 elementor-widget elementor-widget-text-editor\" data-id=\"761f779\" data-element_type=\"widget\" data-e-type=\"widget\" data-widget_type=\"text-editor.default\">\n\t\t\t\t\t\t\t\t\t<p>Evde t\u00fcm aile i\u00e7in kayna\u011f\u0131ndaki alkali su keyfi.<\/p>\t\t\t\t\t\t\t\t<\/div>\n\t\t\t\t\t<\/div>\n\t\t\t\t<\/div>\n\t\t<div class=\"elementor-element elementor-element-ba91b8b e-con-full e-flex e-con e-child\" data-id=\"ba91b8b\" data-element_type=\"container\" data-e-type=\"container\">\n\t\t\t\t<div class=\"elementor-element elementor-element-eedff47 elementor-widget elementor-widget-heading\" data-id=\"eedff47\" data-element_type=\"widget\" data-e-type=\"widget\" data-widget_type=\"heading.default\">\n\t\t\t\t\t<h4 class=\"elementor-heading-title elementor-size-default\"><a href=\"https:\/\/kuturaglobal.com\/?page_id=561\">Neden Icelandic Glacial?<\/a><\/h4>\t\t\t\t<\/div>\n\t\t\t\t<\/div>\n\t\t\t\t\t<\/div>\n\t\t\t\t<\/div>\n\t\t\t\t<\/div>\n\t\t","protected":false},"excerpt":{"rendered":"<p>ICELANDIC GLACIAL &nbsp; \u2193 Karbon N\u00f6tr pH 8.6 SAF KAYNAK Do\u011faya Sayg\u0131l\u0131 D\u00fcnyan\u0131n ilk sertifikal\u0131 karbon n\u00f6tr su markas\u0131yla tan\u0131\u015f\u0131n. Do\u011fal Alkali Denge V\u00fccudunuzun pH dengesini koruyan, kayna\u011f\u0131ndan do\u011fal alkali su. \u00d6lfus Filtresi5000 y\u0131ll\u0131k volkanik kaya\u00e7lardan s\u00fcz\u00fclen el de\u011fmemi\u015f safl\u0131k. &#8220;Her damlas\u0131 \u0130zlanda&#8217;n\u0131n 5000 y\u0131ll\u0131k buzullar\u0131ndan s\u00fcz\u00fcld\u00fc.&#8221; Seyahatler ve g\u00fcnl\u00fck \u00e7antalar i\u00e7in ideal. \u00a0Ofis ve [&hellip;]<\/p>\n","protected":false},"author":1,"featured_media":0,"parent":0,"menu_order":0,"comment_status":"closed","ping_status":"closed","template":"","meta":{"footnotes":""},"class_list":["post-140","page","type-page","status-publish","hentry"],"_links":{"self":[{"href":"https:\/\/kuturaglobal.com\/index.php?rest_route=\/wp\/v2\/pages\/140","targetHints":{"allow":["GET"]}}],"collection":[{"href":"https:\/\/kuturaglobal.com\/index.php?rest_route=\/wp\/v2\/pages"}],"about":[{"href":"https:\/\/kuturaglobal.com\/index.php?rest_route=\/wp\/v2\/types\/page"}],"author":[{"embeddable":true,"href":"https:\/\/kuturaglobal.com\/index.php?rest_route=\/wp\/v2\/users\/1"}],"replies":[{"embeddable":true,"href":"https:\/\/kuturaglobal.com\/index.php?rest_route=%2Fwp%2Fv2%2Fcomments&post=140"}],"version-history":[{"count":106,"href":"https:\/\/kuturaglobal.com\/index.php?rest_route=\/wp\/v2\/pages\/140\/revisions"}],"predecessor-version":[{"id":730,"href":"https:\/\/kuturaglobal.com\/index.php?rest_route=\/wp\/v2\/pages\/140\/revisions\/730"}],"wp:attachment":[{"href":"https:\/\/kuturaglobal.com\/index.php?rest_route=%2Fwp%2Fv2%2Fmedia&parent=140"}],"curies":[{"name":"wp","href":"https:\/\/api.w.org\/{rel}","templated":true}]}}